ivisor of 7 and g?
7
Let g be 23/46*33*2 + -1. Calculate the highest common divisor of 32 and g.
32
Suppose 0 = -2*j - 8, 4*r - 80 = -4*j - 8. Let b = -3572 + 3814. Calculate the highest common divisor of b and r.
22
Let w = -203 + 754. What is the greatest common divisor of 58 and w?
29
Suppose -242*t + 236*t + 882 = 0. What is the greatest common divisor of 168 and t?
21
Let d(y) = 3*y. Let l = 35 - 29. Suppose -5*o + 4 = -l. Let x be d(o). Calculate the highest common divisor of 3 and x.
3
Let k be (9 + 351/(-52))/(1/852). What is the highest common factor of k and 71?
71
Suppose 589*o = 606*o - 2975. What is the highest common divisor of o and 425?
25
Let p(j) = -j**2 + 2*j + 2. Let q be p(2). Let o be 2/(15/42 - 11/(-77)). Calculate the greatest common divisor of q and o.
2
Let z = -8 - -10. Let f(r) = 8*r - 6. Let d be f(z). Suppose -4*c = -p + 5, 0 = p + 2*p + 3*c - 15. What is the highest common factor of p and d?
5
Let v = -10 + 15. Let r(m) = m**2 - 2*m. Let k be r(v). Suppose -f + 2*f - k = -2*u, -5*u + 5*f + 60 = 0. What is the highest common divisor of 36 and u?
9
Let b = 212 + -110. Let q = -152 + b. Let f be q/3*(-6)/4. Calculate the highest common divisor of 275 and f.
25
Let t be 3726/23 - (-2 + 1)/(-1). What is the highest common factor of 92 and t?
23
Let q = 650 + -213. What is the greatest common divisor of q and 19?
19
Suppose 3*w + 4*p = 70 - 404, 0 = 2*w - 5*p + 192. Let j = -98 - w. Calculate the greatest common factor of j and 88.
8
Let z = -1240 - -1530. What is the greatest common divisor of z and 60?
10
Let n be 48369/276 + 2 + (-27)/12. Suppose -9 = -j + 26. What is the highest common divisor of n and j?
35
Let o = -7 - -10. Suppose q - 4 = 5. Suppose q*l - 6*l - 45 = 0. Calculate the highest common divisor of o and l.
3
Suppose -3 = s - 2*l - 9, 5*l = 5*s - 20. Let p = 1943 - 1939. Calculate the greatest common divisor of p and s.
2
Let t(u) = -u**3 - 10*u**2 - 49*u - 35. Let p be t(-15). What is the highest common factor of 25 and p?
25
Suppose 4*b + 2*k - 15 + 9 = 0, -b - 12 = 5*k. Suppose 2*u = -3*f + 24, -5*f = b*u - 8*u + 60. What is the greatest common factor of 12 and u?
12
Suppose -8*c + 335 = -3*c. Let a = c + -53. What is the greatest common factor of 35 and a?
7
Let a(m) = -m**3 - m**2 - m. Let h(t) = -3*t**3 - 12*t**2 + t + 5. Let d(j) = -5*a(j) + h(j). Let l be d(5). What is the greatest common factor of 22 and l?
22
Let a(u) = 23*u + 74. Let m be a(-3). Suppose 21 = -5*v + 96. What is the greatest common factor of v and m?
5
Suppose -4*t + 5*l = -233, t + 0*t - 37 = -3*l. Suppose 126 + 105 = 3*p + h, 0 = 2*p - 4*h - 168. What is the greatest common factor of p and t?
26
Let f = -45 - -45. Suppose f = -5*o, 0 = -g - 4*o - 9 + 25. Calculate the highest common divisor of 24 and g.
8
Let z = -1791 - -1792. Let w be (-1 + 3)/((-2)/3). Let m be w*(88/(-6))/4. What is the greatest common divisor of m and z?
1
Let w(y) = -3*y**3 - 4*y**2 - y + 2. Let m be w(-2). Suppose m + 27 = 3*f. Calculate the highest common divisor of 52 and f.
13
Suppose 4*l = 2*t - 4, 3*t + 4*l + 3 = 9. Calculate the highest common divisor of 121 and t.
1
Let h be (1 - 4/(-4)) + -2. Let v be (5 + h)*(-6)/(-10). Suppose m + v*m - 128 = 0. Calculate the greatest common divisor of 4 and m.
4
Suppose 0 = -n + 3, 3*k = -2*k + 3*n + 6. Let d(l) = 6*l**3 + l**2 + 2*l + 5. Let x be d(k). Calculate the greatest common factor of 26 and x.
26
Let m = -3 - -14. Let x be (26 - m)*(-2 - -3). Calculate the highest common factor of 6 and x.
3
Let y(r) = -2*r - 12. Let u be y(-8). Let k = -246 + 250. Calculate the greatest common factor of u and k.
4
Let q = 29 - 14. Calculate the highest common factor of q and 9.
3
Let b be 34/2 - (-333)/37. Calculate the greatest common factor of 832 and b.
26
Suppose 0 = -4*y + 4*w + 60, -5*y + 2*w + 0*w = -75. What is the greatest common factor of y and 1245?
15
Let q(k) = -2*k**3 + 5*k**2 + 5*k - 5. Let u(g) = -g**3 - g**2 - 1. Let h(f) = q(f) - 3*u(f). Let v be h(-6). Calculate the highest common divisor of 5 and v.
5
Let j be (-8)/(-36) + (-29)/9. Suppose 6*t = 2*t + 8. Let x = t - j. What is the highest common factor of x and 2?
1
Suppose n + o = -0 + 15, -n = 4*o. Let w(m) = 12*m**2 + m + 4. Let f be w(-2). What is the highest common factor of f and n?
10
Let v(g) = 2592*g - 2. Let b be v(-1). Let c be b/(-10) + (-16)/40. What is the greatest common factor of 37 and c?
37
Let r be (-2)/(0 + -1) + 32/4. Let p(h) = -h**3 + 5*h**2 + 4. Let g be p(4). What is the highest common divisor of g and r?
10
Suppose 4*v = 4*f - 208, v + 56 = -5*f - 2. Let x = 74 + v. Suppose 0 = -2*s + 2*d + 378, 0*s + d = -4*s + 756. Calculate the highest common factor of s and x.
21
Suppose -4*g + 565 - 103 = 2*k, -594 = -5*g + 3*k. Calculate the greatest common divisor of g and 39.
39
Let s(m) = -m**2 + 3*m - 5 - 1 + 5. Let n(d) = -d**2 + 2*d - 2. Let w(y) = 3*n(y) - 4*s(y). Let p be w(7). What is the highest common divisor of p and 55?
5
Suppose 156 = 11*w - 86. What is the greatest common factor of w and 1562?
22
Let v(m) = 4*m**2 - 25*m. Let o be v(8). What is the highest common factor of o and 28?
28
Let n(z) = 11*z - 17. Let s be n(7). Let y(i) = i**2 + 5*i - 6. Let f be y(-6). Let p = 40 - f. What is the greatest common divisor of s and p?
20
Suppose 0 = 3*m - 7*m. Suppose -4*k - 12 + m = 0, -3*k = -4*j + 209. Calculate the greatest common divisor of 20 and j.
10
Suppose 0*y = 5*y - l - 58, -l - 25 = -2*y. Let q = 19 + -11. Suppose -q = -g + 3. Calculate the highest common divisor of g and y.
11
Suppose 16*y - 30*y = -182. Calculate the highest common divisor of y and 416.
13
Let n(c) = 175*c**2 + 14*c - 24. Let w be n(2). Calculate the highest common factor of w and 44.
44
Let y(h) = h**2. Let a(c) = -c**2 + c + 12. Let x(j) = -a(j) + y(j). Let f be x(-3). Calculate the greatest common divisor of 6 and f.
3
Let m = 16 - -24. Let w be (-2 - -19) + 24/8. Calculate the highest common factor of w and m.
20
Let v be (17/((-255)/(-230)))/((-4)/(-6)). Let p = -622 - -875. What is the highest common factor of p and v?
23
Let d be -36*(-9)/(-36)*-10. What is the highest common divisor of d and 40?
10
Let l(d) = d + 34. Let r be l(-16). Let y(n) = n - 15. Let z be y(r). Calculate the greatest common divisor of 2 and z.
1
Let v(b) = b**3 - 27*b**2 - 23*b + 40. Let y be v(28). Calculate the highest common factor of 20 and y.
20
Let z(d) = -d**3 + 5*d**2 + 8*d - 9. Let n be z(6). Suppose -n*w - 2*w = 5. Let h be w*3 - 10/(-2). Calculate the highest common factor of 2 and h.
2
Let q(t) = -13*t. Let w be q(-1). Suppose -632*b + 613*b + 2223 = 0. Calculate the highest common factor of b and w.
13
Let d = 101 + -41. What is the highest common divisor of d and 15?
15
Suppose -4 = 4*x - 4*n - 0, -5*x + n = -7. Suppose 2*t = x*r - 4*r - 4, 7 = 4*t + r. Calculate the greatest common divisor of 15 and t.
3
Let w be (0 - (-11)/2)*6. Suppose -w = -5*s - 3. Let f = 8 - 2. Calculate the greatest common factor of s and f.
6
Let p be (4/3)/((-12)/36). Let b be (p - (-4 - -1)) + 10. What is the highest common factor of 6 and b?
3
Let p = -1244 + 1254. Calculate the greatest common divisor of 70 and p.
10
Let m(j) = 29*j - 95. Let c be m(4). Calculate the highest common divisor of c and 14.
7
Let q(r) = 5*r**2 + 2*r + 2. Let l be q(-2). Calculate the greatest common factor of l and 54.
18
Let r(x) = -2*x - 22. Let v be r(-12). Suppose -715 = v*u + 3*u. Let z = u + 273. Calculate the highest common factor of 26 and z.
26
Let o(p) = p**2 - 20*p + 38. Let a be o(18). Suppose -3*d + 42 = -3*i, -5*i = -a*d - 0*d + 40. What is the highest common factor of 10 and d?
10
Suppose 5 = -2*h + 23. Let t(a) = a + 8. Let p be t(h). Let i = -78 - -197. What is the greatest common factor of p and i?
17
Let f(j) = j**3 - j**2 - 5*j - 3. Let k be f(3). Suppose k = -4*h + 23*h - 570. Calculate the highest common divisor of 40 and h.
10
Suppose 55 = 5*u - 20. What is the highest common divisor of 160 and u?
5
Let k be 2/8 - 1155/(-20). Suppose 4*t + 3*g - 72 = 51, -2*g - 138 = -4*t. Let v = k - t. Calculate the greatest common factor of v and 25.
25
Let g = 50 + 25. What is the highest common factor of g and 27?
3
Suppose 0 = 5*n - 4*t - 516, t - 396 = -20*n + 16*n. Calcu